{"id":768,"date":"2026-02-24T10:30:15","date_gmt":"2026-02-24T09:30:15","guid":{"rendered":"https:\/\/fg-ucm.de\/vorab\/?page_id=768"},"modified":"2026-03-02T11:43:21","modified_gmt":"2026-03-02T10:43:21","slug":"agb","status":"publish","type":"page","link":"https:\/\/fg-ucm.de\/vorab\/agb\/","title":{"rendered":"AGB"},"content":{"rendered":"\t\t<div data-elementor-type=\"wp-page\" data-elementor-id=\"768\" class=\"elementor elementor-768\" data-elementor-post-type=\"page\">\n\t\t\t\t<div class=\"elementor-element elementor-element-cbd7480 e-flex e-con-boxed e-con e-parent\" data-id=\"cbd7480\" data-element_type=\"container\" data-e-type=\"container\">\n\t\t\t\t\t<div class=\"e-con-inner\">\n\t\t\t\t<div class=\"elementor-element elementor-element-110ed33 elementor-widget elementor-widget-text-editor\" data-id=\"110ed33\" data-element_type=\"widget\" data-e-type=\"widget\" data-widget_type=\"text-editor.default\">\n\t\t\t\t\t\t\t\t\t<h2>Allgemeine Gesch\u00e4ftsbedingungen (AGB) f\u00fcr den Ticketverkauf<\/h2><h3>1. Geltungsbereich<\/h3><p>Diese Allgemeinen Gesch\u00e4ftsbedingungen (AGB) gelten f\u00fcr den Verkauf von Eintrittskarten (Tickets) f\u00fcr Veranstaltungen durch:<\/p><p>Freiberger US-CAR meeting<br \/>Marco Ritter (Einzelunternehmer)<br \/>Hegelstra\u00dfe 8<br \/>09599 Freiberg<\/p><p>\u2013 nachfolgend \u201eVeranstalter\u201c genannt \u2013.<\/p><p>Mit dem Erwerb eines Tickets erkennt der Kunde diese AGB an.<\/p><p>\u2e3b<\/p><h3>2. Vertragsabschluss<\/h3><p style=\"padding-left: 40px;\">(1) Die Darstellung der Veranstaltung und der Tickets stellt kein rechtlich bindendes Angebot dar.<br \/>(2) Der Vertrag kommt erst mit Best\u00e4tigung der Bestellung durch den Veranstalter zustande.<br \/>(3) Der Veranstalter beh\u00e4lt sich vor, Bestellungen ohne Angabe von Gr\u00fcnden abzulehnen.<\/p><p>\u2e3b<\/p><h3>3. Preise und Zahlungsbedingungen<\/h3><p style=\"padding-left: 40px;\">(1) Es gelten die zum Zeitpunkt der Bestellung angegebenen Preise.<br \/>(2) Alle Preise verstehen sich inklusive gesetzlicher Mehrwertsteuer, sofern nicht anders angegeben.<br \/>(3) Die Zahlung erfolgt \u00fcber die angebotenen Zahlungsmethoden (z. B.PayPal etc.)<br \/>(4) Tickets bleiben bis zur vollst\u00e4ndigen Bezahlung Eigentum des Veranstalters.<\/p><p>\u2e3b<\/p><h3>4. Versand und Lieferung<\/h3><p style=\"padding-left: 40px;\">(1) Tickets k\u00f6nnen als Print-at-Home-Ticket, Mobile-Ticket versendet werden.<br \/>(2) Bei Verlust von Tickets besteht kein Anspruch auf Ersatz.<\/p><p>\u2e3b<\/p><h3>5. Widerrufsrecht<\/h3><p>Gem\u00e4\u00df \u00a7 312g Abs. 2 Nr. 9 BGB besteht kein Widerrufsrecht bei Vertr\u00e4gen zur Erbringung von Dienstleistungen im Zusammenhang mit Freizeitbet\u00e4tigungen, wenn f\u00fcr die Vertragserf\u00fcllung ein spezifischer Termin oder Zeitraum vorgesehen ist.<\/p><p>\u2e3b<\/p><h3>6. R\u00fcckgabe und Erstattung<\/h3><p style=\"padding-left: 40px;\">(1) Eine R\u00fcckgabe oder ein Umtausch von Tickets ist grunds\u00e4tzlich ausgeschlossen.<br \/>(2) Bei Absage der Veranstaltung wird der Ticketpreis erstattet.<br \/>(3) Bei Verlegung der Veranstaltung behalten die Tickets ihre G\u00fcltigkeit.<br \/>(4) Weitere Anspr\u00fcche (z. B. Anreise- oder \u00dcbernachtungskosten) sind ausgeschlossen, soweit gesetzlich zul\u00e4ssig.<\/p><p>\u2e3b<\/p><h3>7. Einlass und Verhalten bei Veranstaltungen<\/h3><p style=\"padding-left: 40px;\">(1) Der Einlass erfolgt nur mit g\u00fcltigem Ticket.<br \/>(2) Der Veranstalter kann den Einlass verweigern, wenn Sicherheitsbedenken bestehen.<br \/>(3) Den Anweisungen des Veranstalters und des Sicherheitspersonals ist Folge zu leisten.<br \/>(4) Bei Verst\u00f6\u00dfen gegen die Hausordnung kann ein Verweis von der Veranstaltung erfolgen \u2013 ohne Anspruch auf R\u00fcckerstattung.<\/p><p>\u2e3b<\/p><h3>8. Bild- und Tonaufnahmen<\/h3><p>Der Veranstalter ist berechtigt, Bild- und Tonaufnahmen der Veranstaltung zu erstellen und diese f\u00fcr Werbezwecke zu verwenden. Besucher erkl\u00e4ren sich hiermit einverstanden, sofern sie nicht im Einzelfall widersprechen.<\/p><p>\u2e3b<\/p><h3>9. Haftung<\/h3><p style=\"padding-left: 40px;\">(1) Der Veranstalter haftet uneingeschr\u00e4nkt f\u00fcr Vorsatz und grobe Fahrl\u00e4ssigkeit.<br \/>(2) F\u00fcr einfache Fahrl\u00e4ssigkeit haftet der Veranstalter nur bei Verletzung wesentlicher Vertragspflichten (Kardinalpflichten).<br \/>(3) Die Haftung f\u00fcr Sch\u00e4den aus der Verletzung von Leben, K\u00f6rper oder Gesundheit bleibt unber\u00fchrt.<\/p><p>\u2e3b<\/p><h3>10. Datenschutz<\/h3><p>Informationen zur Verarbeitung personenbezogener Daten sind in der separaten Datenschutzerkl\u00e4rung geregelt.<\/p><p>\u2e3b<\/p><h3>11. Schlussbestimmungen<\/h3><p style=\"padding-left: 40px;\">(1) Es gilt das Recht der Bundesrepublik Deutschland.<br \/>(2) Sollten einzelne Bestimmungen dieser AGB unwirksam sein, bleibt die Wirksamkeit der \u00fcbrigen Bestimmungen unber\u00fchrt.<\/p>\t\t\t\t\t\t\t\t<\/div>\n\t\t\t\t\t<\/div>\n\t\t\t\t<\/div>\n\t\t\t\t<\/div>\n\t\t","protected":false},"excerpt":{"rendered":"<p>Allgemeine Gesch\u00e4ftsbedingungen (AGB) f\u00fcr den Ticketverkauf 1. Geltungsbereich Diese Allgemeinen Gesch\u00e4ftsbedingungen (AGB) gelten f\u00fcr den Verkauf von Eintrittskarten (Tickets) f\u00fcr Veranstaltungen durch: Freiberger US-CAR meetingMarco Ritter (Einzelunternehmer)Hegelstra\u00dfe 809599 Freiberg \u2013 [&hellip;]<\/p>\n","protected":false},"author":1,"featured_media":0,"parent":0,"menu_order":0,"comment_status":"closed","ping_status":"closed","template":"","meta":{"_price":"","_stock":"","_tribe_ticket_header":"","_tribe_default_ticket_provider":"","_ticket_start_date":"","_ticket_end_date":"","_tribe_ticket_show_description":"","_tribe_ticket_show_not_going":false,"_tribe_ticket_use_global_stock":"","_tribe_ticket_global_stock_level":"","_global_stock_mode":"","_global_stock_cap":"","_tribe_rsvp_for_event":"","_tribe_ticket_going_count":"","_tribe_ticket_not_going_count":"","_tribe_tickets_list":"[]","_tribe_ticket_has_attendee_info_fields":false,"footnotes":"","_tec_slr_enabled":"","_tec_slr_layout":""},"class_list":["post-768","page","type-page","status-publish","hentry"],"ticketed":false,"_links":{"self":[{"href":"https:\/\/fg-ucm.de\/vorab\/wp-json\/wp\/v2\/pages\/768","targetHints":{"allow":["GET"]}}],"collection":[{"href":"https:\/\/fg-ucm.de\/vorab\/wp-json\/wp\/v2\/pages"}],"about":[{"href":"https:\/\/fg-ucm.de\/vorab\/wp-json\/wp\/v2\/types\/page"}],"author":[{"embeddable":true,"href":"https:\/\/fg-ucm.de\/vorab\/wp-json\/wp\/v2\/users\/1"}],"replies":[{"embeddable":true,"href":"https:\/\/fg-ucm.de\/vorab\/wp-json\/wp\/v2\/comments?post=768"}],"version-history":[{"count":10,"href":"https:\/\/fg-ucm.de\/vorab\/wp-json\/wp\/v2\/pages\/768\/revisions"}],"predecessor-version":[{"id":881,"href":"https:\/\/fg-ucm.de\/vorab\/wp-json\/wp\/v2\/pages\/768\/revisions\/881"}],"wp:attachment":[{"href":"https:\/\/fg-ucm.de\/vorab\/wp-json\/wp\/v2\/media?parent=768"}],"curies":[{"name":"wp","href":"https:\/\/api.w.org\/{rel}","templated":true}]}}